{"id":695,"date":"2018-06-27T15:01:49","date_gmt":"2018-06-27T13:01:49","guid":{"rendered":"https:\/\/time-as.no\/interior\/?post_type=product&#038;p=695"},"modified":"2025-01-28T11:27:28","modified_gmt":"2025-01-28T10:27:28","slug":"vegg-m-glass-og-dorfelt","status":"publish","type":"product","link":"https:\/\/time-as.no\/interior\/products\/vegg-m-glass-og-dorfelt\/","title":{"rendered":"Systemvegg Ti100 HP"},"content":{"rendered":"<\/div><\/div><\/div><!-- close content main div --><\/div><\/div><div id='av_section_1' class='avia-section main_color avia-section-small avia-no-border-styling av-parallax-section avia-bg-style-parallax    container_wrap fullsize' style = 'background-color: #026c3d; ' data-section-bg-repeat='no-repeat' ><div class='av-parallax' data-avia-parallax-ratio='0.3' ><div class='av-parallax-inner main_color  avia-full-stretch' style = 'background-color: #026c3d; background-repeat: no-repeat; background-image: url(https:\/\/time-as.no\/interior\/wp-content\/uploads\/sites\/2\/2018\/06\/Sola-airport.jpg);background-attachment: scroll; background-position: center center; ' ><\/div><\/div><div class='container' ><div class='template-page content  av-content-full alpha units'><div class='post-entry post-entry-type-page post-entry-695'><div class='entry-content-wrapper clearfix'>\n<div class=\"flex_column av_one_full  flex_column_div av-zero-column-padding first  \" style='border-radius:0px; '><div style='padding-bottom:10px; color:#ffffff;' class='av-special-heading av-special-heading-h1 custom-color-heading blockquote modern-quote   '><h1 class='av-special-heading-tag '  itemprop=\"headline\"  >Systemvegg T100 HP<\/h1><div class='special-heading-border'><div class='special-heading-inner-border' style='border-color:#ffffff'><\/div><\/div><\/div><\/div>\n\n<div class=\"flex_column av_two_third  flex_column_div av-zero-column-padding first  \" style='border-radius:0px; '><section class=\"av_textblock_section \"  itemscope=\"itemscope\" itemtype=\"https:\/\/schema.org\/CreativeWork\" ><div class='avia_textblock  '   itemprop=\"text\" ><p><strong>Systemvegg Ti100 HP<\/strong> (hatteprofil) tett vegg med synlig vertikal profiler, alt i samme farge std. NCS S 0500 N.<\/p>\n<p>Systemveggen gir mulighet for oppheng av hyller og kroker. Systemet gir ogs\u00e5 mulighet for integrert glassfelt og d\u00f8rfelt. Systemveggen er modulert i cc 900 mm. og kan enkelt demonteres og remonteres. Kan leveres i h\u00f8yde opp til 5000 mm.Lydkrav se <em><a href=\"https:\/\/time-as.no\/interior\/wp-content\/uploads\/sites\/2\/2023\/06\/Lydfakta2023.pdf\" target=\"_blank\" rel=\"noopener\">Lydfakta.<\/a><\/em><\/p>\n<p>Se v\u00e5rt <a href=\"https:\/\/time-as.no\/interior\/wp-content\/uploads\/sites\/2\/2022\/11\/Produktdatablad-Ti100-HP-Hatteprofilvegg.pdf\"><em>produktdatablad <\/em><\/a>av denne veggtypen.<\/p>\n<\/div><\/section><\/div><div id='av-masonry-1' class='av-masonry  noHover av-fixed-size av-1px-gap av-hover-overlay-active av-masonry-col-5 av-caption-on-hover av-caption-style-overlay av-masonry-gallery     '  ><div class='av-masonry-container isotope av-js-disabled ' ><div class='av-masonry-entry isotope-item av-masonry-item-no-image '><\/div><a href=\"https:\/\/time-as.no\/interior\/wp-content\/uploads\/sites\/2\/2018\/06\/Systemvegg-med-dekklist-1-1030x773.jpg\" id='av-masonry-1-item-2989' data-av-masonry-item='2989' class='av-masonry-entry isotope-item post-2989 attachment type-attachment status-inherit hentry  av-masonry-item-with-image av-grid-img' title=\"Med dekklist\"  itemprop=\"thumbnailUrl\" ><div class='av-inner-masonry-sizer'><\/div><figure class='av-inner-masonry main_color'><div class=\"av-masonry-outerimage-container\"><div class=\"av-masonry-image-container\" style=\"background-image: url(https:\/\/time-as.no\/interior\/wp-content\/uploads\/sites\/2\/2018\/06\/Systemvegg-med-dekklist-1-705x529.jpg);\"><\/div><\/div><figcaption class='av-inner-masonry-content site-background'><div class='av-inner-masonry-content-pos'><div class='av-inner-masonry-content-pos-content'><div class='avia-arrow'><\/div><h3 class='av-masonry-entry-title entry-title'  itemprop=\"headline\" ><\/h3><div class='av-masonry-entry-content entry-content'  itemprop=\"text\" >Med dekklist<\/div><\/div><\/div><\/figcaption><\/figure><\/a><!--end av-masonry entry--><a href=\"https:\/\/time-as.no\/interior\/wp-content\/uploads\/sites\/2\/2018\/06\/N\u00e6rmbilde-systemvegg-TI100HP-1030x658.jpg\" id='av-masonry-1-item-2987' data-av-masonry-item='2987' class='av-masonry-entry isotope-item post-2987 attachment type-attachment status-inherit hentry  av-masonry-item-with-image av-grid-img' title=\"\"  itemprop=\"thumbnailUrl\" ><div class='av-inner-masonry-sizer'><\/div><figure class='av-inner-masonry main_color'><div class=\"av-masonry-outerimage-container\"><div class=\"av-masonry-image-container\" style=\"background-image: url(https:\/\/time-as.no\/interior\/wp-content\/uploads\/sites\/2\/2018\/06\/N\u00e6rmbilde-systemvegg-TI100HP-705x450.jpg);\"><\/div><\/div><figcaption class='av-inner-masonry-content site-background'><div class='av-inner-masonry-content-pos'><div class='av-inner-masonry-content-pos-content'><div class='avia-arrow'><\/div><h3 class='av-masonry-entry-title entry-title'  itemprop=\"headline\" ><\/h3><\/div><\/div><\/figcaption><\/figure><\/a><!--end av-masonry entry--><a href=\"https:\/\/time-as.no\/interior\/wp-content\/uploads\/sites\/2\/2018\/06\/Systemvegg-hvit-TI100HP-2-684x1030.jpg\" id='av-masonry-1-item-3270' data-av-masonry-item='3270' class='av-masonry-entry isotope-item post-3270 attachment type-attachment status-inherit hentry  av-masonry-item-with-image av-grid-img' title=\"\"  itemprop=\"thumbnailUrl\" ><div class='av-inner-masonry-sizer'><\/div><figure class='av-inner-masonry main_color'><div class=\"av-masonry-outerimage-container\"><div class=\"av-masonry-image-container\" style=\"background-image: url(https:\/\/time-as.no\/interior\/wp-content\/uploads\/sites\/2\/2018\/06\/Systemvegg-hvit-TI100HP-2-468x705.jpg);\"><\/div><\/div><figcaption class='av-inner-masonry-content site-background'><div class='av-inner-masonry-content-pos'><div class='av-inner-masonry-content-pos-content'><div class='avia-arrow'><\/div><h3 class='av-masonry-entry-title entry-title'  itemprop=\"headline\" ><\/h3><\/div><\/div><\/figcaption><\/figure><\/a><!--end av-masonry entry--><a href=\"https:\/\/time-as.no\/interior\/wp-content\/uploads\/sites\/2\/2018\/06\/Bildekrok-og-garderobeknagg.jpg\" id='av-masonry-1-item-2986' data-av-masonry-item='2986' class='av-masonry-entry isotope-item post-2986 attachment type-attachment status-inherit hentry  av-masonry-item-with-image av-grid-img' title=\"\"  itemprop=\"thumbnailUrl\" ><div class='av-inner-masonry-sizer'><\/div><figure class='av-inner-masonry main_color'><div class=\"av-masonry-outerimage-container\"><div class=\"av-masonry-image-container\" style=\"background-image: url(https:\/\/time-as.no\/interior\/wp-content\/uploads\/sites\/2\/2018\/06\/Bildekrok-og-garderobeknagg.jpg);\"><\/div><\/div><figcaption class='av-inner-masonry-content site-background'><div class='av-inner-masonry-content-pos'><div class='av-inner-masonry-content-pos-content'><div class='avia-arrow'><\/div><h3 class='av-masonry-entry-title entry-title'  itemprop=\"headline\" >Bildekrok og garderobeknagg<\/h3><\/div><\/div><\/figcaption><\/figure><\/a><!--end av-masonry entry--><\/div><\/div><\/p>\n","protected":false},"excerpt":{"rendered":"<p>Systemvegg Ti100 HP (hatteprofil) tett vegg med synlig vertikal profiler, alt i samme farge std. NCS S 0500 N.<\/p>\n","protected":false},"featured_media":2119,"parent":0,"menu_order":2,"template":"","productcategory":[8],"class_list":["post-695","product","type-product","status-publish","has-post-thumbnail","hentry","productcategory-systemvegg"],"_links":{"self":[{"href":"https:\/\/time-as.no\/interior\/wp-json\/wp\/v2\/product\/695","targetHints":{"allow":["GET"]}}],"collection":[{"href":"https:\/\/time-as.no\/interior\/wp-json\/wp\/v2\/product"}],"about":[{"href":"https:\/\/time-as.no\/interior\/wp-json\/wp\/v2\/types\/product"}],"version-history":[{"count":16,"href":"https:\/\/time-as.no\/interior\/wp-json\/wp\/v2\/product\/695\/revisions"}],"predecessor-version":[{"id":4560,"href":"https:\/\/time-as.no\/interior\/wp-json\/wp\/v2\/product\/695\/revisions\/4560"}],"wp:featuredmedia":[{"embeddable":true,"href":"https:\/\/time-as.no\/interior\/wp-json\/wp\/v2\/media\/2119"}],"wp:attachment":[{"href":"https:\/\/time-as.no\/interior\/wp-json\/wp\/v2\/media?parent=695"}],"wp:term":[{"taxonomy":"productcategory","embeddable":true,"href":"https:\/\/time-as.no\/interior\/wp-json\/wp\/v2\/productcategory?post=695"}],"curies":[{"name":"wp","href":"https:\/\/api.w.org\/{rel}","templated":true}]}}